{"id":1250,"date":"2026-01-11T10:00:35","date_gmt":"2026-01-11T10:00:35","guid":{"rendered":"https:\/\/weekofsoundportugal.com\/?page_id=1250"},"modified":"2026-02-01T12:05:11","modified_gmt":"2026-02-01T12:05:11","slug":"detailed-schedule","status":"publish","type":"page","link":"https:\/\/weekofsoundportugal.com\/pt\/detailed-schedule\/","title":{"rendered":"Agenda Detalhada"},"content":{"rendered":"<h2 class=\"has-text-align-center wp-block-post-title\">Agenda Detalhada<\/h2>\n\n\n<p class=\"has-text-align-center\"><a href=\"https:\/\/weekofsoundportugal.com\/wp-content\/uploads\/2026\/02\/Programa_Week_of_Sound_Portugal_2026_BILINGUE_FINAL_UNIFICADO.pdf\" data-type=\"link\" data-id=\"https:\/\/weekofsoundportugal.com\/wp-content\/uploads\/2026\/02\/Programa_Week_of_Sound_Portugal_2026_BILINGUE_FINAL_UNIFICADO.pdf\">Download full schedule here<\/a><\/p>\n\n\n\n<h3 class=\"wp-block-heading has-text-align-center\">Pavilh\u00e3o de Portugal of Parque Verde of Coimbra<br>19th February 2026<\/h3>\n\n\n\n<figure class=\"wp-block-image alignwide size-large\"><img decoding=\"async\" width=\"723\" height=\"1024\" src=\"https:\/\/weekofsoundportugal.com\/wp-content\/uploads\/2026\/02\/poster-coimbra-723x1024.jpg\" alt=\"\" class=\"wp-image-1285\" srcset=\"https:\/\/weekofsoundportugal.com\/wp-content\/uploads\/2026\/02\/poster-coimbra-723x1024.jpg 723w, https:\/\/weekofsoundportugal.com\/wp-content\/uploads\/2026\/02\/poster-coimbra-212x300.jpg 212w, https:\/\/weekofsoundportugal.com\/wp-content\/uploads\/2026\/02\/poster-coimbra-768x1087.jpg 768w, https:\/\/weekofsoundportugal.com\/wp-content\/uploads\/2026\/02\/poster-coimbra-1085x1536.jpg 1085w, https:\/\/weekofsoundportugal.com\/wp-content\/uploads\/2026\/02\/poster-coimbra-8x12.jpg 8w, https:\/\/weekofsoundportugal.com\/wp-content\/uploads\/2026\/02\/poster-coimbra.jpg 1130w\" sizes=\"(max-width: 723px) 100vw, 723px\" \/><\/figure>\n\n\n\n<h3 class=\"wp-block-heading has-text-align-center\">Centro Cultural de Bel\u00e9m, Lisbon<br>20th February 2026<\/h3>\n\n\n\n<figure class=\"wp-block-table is-style-regular\" style=\"margin-bottom:var(--wp--preset--spacing--60)\"><table class=\"has-fixed-layout\"><thead><tr><th class=\"has-text-align-center\" data-align=\"center\"><strong>Hora<\/strong><\/th><th class=\"has-text-align-center\" data-align=\"center\"><strong>Palestrante<\/strong><\/th><th class=\"has-text-align-center\" data-align=\"center\"><strong>T\u00f3pico<\/strong><\/th><\/tr><\/thead><tbody><tr><td>14h00<\/td><td>Ant\u00f3nio Ricardo A. Miranda<\/td><td>Cerim\u00f3nia de abertura<\/td><\/tr><tr><td>14h10<\/td><td>Representante institucional<\/td><td>Mensagem institucional (Governo)<\/td><\/tr><tr><td>14h20<\/td><td>Christian Hugonnet<\/td><td>Discurso de abertura<\/td><\/tr><tr><td>14h30<\/td><td>Lidia Best &#8211; Make Listening Safe<\/td><td>Perspetiva IFHOH e OMS<\/td><\/tr><tr><td>15h10<\/td><td>Pedro Alberto Escada<\/td><td>Vis\u00e3o cl\u00ednica do som<\/td><\/tr><tr><td>15h25<\/td><td>Stefan Zimmer<\/td><td>&#8220;What you can gain from EuroTrak: Benefits of hearing care for health, safety, mobility and productivity&#8221;<\/td><\/tr><tr><td>15h55<\/td><td>Ana M\u00e9cia de Oliveira<\/td><td>&#8220;Podcast\/Videocast &#8216;Giving Voice to Deafness&#8217; | Language, Sound and Access from Early Childhood&#8221;<\/td><\/tr><\/tbody><\/table><\/figure>\n\n\n\n<h4 class=\"wp-block-heading has-text-align-center\">Intervalo<\/h4>\n\n\n\n<figure style=\"margin-bottom:var(--wp--preset--spacing--60)\" class=\"wp-block-table\"><table class=\"has-fixed-layout\"><thead><tr><th><strong>Hora<\/strong><\/th><th><strong>Palestrante<\/strong><\/th><th><strong>T\u00f3pico<\/strong><\/th><\/tr><\/thead><tbody><tr><td>17h00<\/td><td>Mark Laureyns<\/td><td>&#8220;The Impact of Hearing Loss, Hearing Care and Empowerment at the Workplace&#8221;<\/td><\/tr><tr><td>17h30<\/td><td>Karim Michail<\/td><td>Technology Advances for Hearing Rehabilitation<\/td><\/tr><tr><td>18h00<\/td><td>Jo\u00e3o Tiago Ferr\u00e3o<\/td><td>Access to hearing care &#8211; Hearing technologies, clinical pathways and health policies: an Audiological perspective<\/td><\/tr><tr><td>18h30<\/td><td>Tiago Fuzeta E\u00e7a<\/td><td>\u201cVoice discrimination and how this affects inclusion&#8221;<\/td><\/tr><tr><td>19h00<\/td><td>Patrick D&#8217;Haese<\/td><td>&#8220;Sound Matters: Building a Hearing-Inclusive Society through Awareness, Innovation and Policy Change&#8221;<\/td><\/tr><tr><td>19h35<\/td><td>Encerramento Institucional<\/td><td>Mensagem Final<\/td><\/tr><\/tbody><\/table><\/figure>\n\n\n\n<h2 class=\"wp-block-heading has-text-align-center\">Music Performance<\/h2>\n\n\n\n<h3 class=\"wp-block-heading has-text-align-center\">Teatro Capit\u00f3lio, Lisbon<br>21st February 2026<\/h3>\n\n\n\n<p>A solidarity music performance celebrating music as a universal language, while promoting awareness of hearing health, inclusion and cultural accessibility.<\/p>\n\n\n\n<p>Presenter<br>Sofia Mirpuri \u2013 Actress and entrepreneur<br>Presenter of the evening, guiding the audience through the artistic programme and framing the mission and values of the&nbsp;Week&nbsp;of&nbsp;Sound.<\/p>\n\n\n\n<figure class=\"wp-block-table\"><table class=\"has-fixed-layout\"><thead><tr><th>Hora<\/th><th>Palestrante<\/th><th>T\u00f3pico<\/th><\/tr><\/thead><tbody><tr><td>15h00<\/td><td>Meet &amp; Greet<\/td><td>Meet&amp;Greet and Special Contact with the Artists and Presenter&nbsp;<\/td><\/tr><tr><td>16h00<\/td><td>Classical String Trio \u2013 Almedina Ensemble<\/td><td>Opening performance with classical repertoire, creating a dialogue between tradition and contemporary expression.<\/td><\/tr><tr><td>16h30<\/td><td>Gil Brito<\/td><td>Winner of Got Talent Portugal 2025, presenting a solo piano performance marked by musical excellence and expressiveness.<\/td><\/tr><tr><td>17h00<\/td><td>Dinis Reis + Maria Vinagre<\/td><td>A unique encounter between piano and voice, blending emotion, originality and artistic sensitivity.<\/td><\/tr><tr><td>17h30<\/td><td>INTERVALO<\/td><td><\/td><\/tr><tr><td>17h50<\/td><td>Cuca Roseta (a confirmar)<\/td><td>One of the most prominent voices of contemporary fado, in a special guest appearance of strong symbolic value.<\/td><\/tr><tr><td>18h20<\/td><td>Daniel Pereira de Cristo \u2013 Voice and stringed instruments<br>Tiago Sim\u00e3es \u2013 Piano<br>Jo\u00e3o Dantas Ferreira \u2013 Accordion<br>Carolina Gomes \u2013 Percussion<br>Special guests: Pedro J\u00f3ia and Ana La\u00edns<\/td><td>Album Launch \u2013 \u201cMalva Globo\u201d by Daniel Pereira de Cristo &amp; Guests<br>A central moment of the performance, combining musical creation, cultural identity and inclusion.<\/td><\/tr><\/tbody><\/table><\/figure>","protected":false},"excerpt":{"rendered":"<p>Download full schedule here Pavilh\u00e3o de Portugal of Parque Verde of Coimbra19th February 2026 Centro Cultural de Bel\u00e9m, Lisbon20th February 2026 Time Speaker Topic 14h00 Ant\u00f3nio Ricardo A. Miranda Opening ceremony 14h10 Institutional representative Institutional message (Government) 14h20 Christian Hugonnet Opening speech 14h30 Lidia Best &#8211; Make Listening Safe IFHOH and OMS perspective 15h10 Pedro [&hellip;]<\/p>","protected":false},"author":1,"featured_media":0,"parent":0,"menu_order":0,"comment_status":"closed","ping_status":"closed","template":"","meta":{"footnotes":""},"class_list":["post-1250","page","type-page","status-publish","hentry"],"_links":{"self":[{"href":"https:\/\/weekofsoundportugal.com\/pt\/wp-json\/wp\/v2\/pages\/1250","targetHints":{"allow":["GET"]}}],"collection":[{"href":"https:\/\/weekofsoundportugal.com\/pt\/wp-json\/wp\/v2\/pages"}],"about":[{"href":"https:\/\/weekofsoundportugal.com\/pt\/wp-json\/wp\/v2\/types\/page"}],"author":[{"embeddable":true,"href":"https:\/\/weekofsoundportugal.com\/pt\/wp-json\/wp\/v2\/users\/1"}],"replies":[{"embeddable":true,"href":"https:\/\/weekofsoundportugal.com\/pt\/wp-json\/wp\/v2\/comments?post=1250"}],"version-history":[{"count":7,"href":"https:\/\/weekofsoundportugal.com\/pt\/wp-json\/wp\/v2\/pages\/1250\/revisions"}],"predecessor-version":[{"id":1287,"href":"https:\/\/weekofsoundportugal.com\/pt\/wp-json\/wp\/v2\/pages\/1250\/revisions\/1287"}],"wp:attachment":[{"href":"https:\/\/weekofsoundportugal.com\/pt\/wp-json\/wp\/v2\/media?parent=1250"}],"curies":[{"name":"wp","href":"https:\/\/api.w.org\/{rel}","templated":true}]}}

<h2 class="has-text-align-center wp-block-post-title">Agenda Detalhada</h2>


<p class="has-text-align-center"><a href="https://weekofsoundportugal.com/wp-content/uploads/2026/02/Programa_Week_of_Sound_Portugal_2026_BILINGUE_FINAL_UNIFICADO.pdf" data-type="link" data-id="https://weekofsoundportugal.com/wp-content/uploads/2026/02/Programa_Week_of_Sound_Portugal_2026_BILINGUE_FINAL_UNIFICADO.pdf">Download full schedule here</a></p>



<h3 class="wp-block-heading has-text-align-center">Pavilhão de Portugal of Parque Verde of Coimbra<br>19th February 2026</h3>



<figure class="wp-block-image alignwide size-large"><img decoding="async" width="723" height="1024" src="https://weekofsoundportugal.com/wp-content/uploads/2026/02/poster-coimbra-723x1024.jpg" alt="" class="wp-image-1285" srcset="https://weekofsoundportugal.com/wp-content/uploads/2026/02/poster-coimbra-723x1024.jpg 723w, https://weekofsoundportugal.com/wp-content/uploads/2026/02/poster-coimbra-212x300.jpg 212w, https://weekofsoundportugal.com/wp-content/uploads/2026/02/poster-coimbra-768x1087.jpg 768w, https://weekofsoundportugal.com/wp-content/uploads/2026/02/poster-coimbra-1085x1536.jpg 1085w, https://weekofsoundportugal.com/wp-content/uploads/2026/02/poster-coimbra-8x12.jpg 8w, https://weekofsoundportugal.com/wp-content/uploads/2026/02/poster-coimbra.jpg 1130w" sizes="(max-width: 723px) 100vw, 723px" /></figure>



<h3 class="wp-block-heading has-text-align-center">Centro Cultural de Belém, Lisbon<br>20th February 2026</h3>



<figure class="wp-block-table is-style-regular" style="margin-bottom:var(--wp--preset--spacing--60)"><table class="has-fixed-layout"><thead><tr><th class="has-text-align-center" data-align="center"><strong>Hora</strong></th><th class="has-text-align-center" data-align="center"><strong>Palestrante</strong></th><th class="has-text-align-center" data-align="center"><strong>Tópico</strong></th></tr></thead><tbody><tr><td>14h00</td><td>António Ricardo A. Miranda</td><td>Cerimónia de abertura</td></tr><tr><td>14h10</td><td>Representante institucional</td><td>Mensagem institucional (Governo)</td></tr><tr><td>14h20</td><td>Christian Hugonnet</td><td>Discurso de abertura</td></tr><tr><td>14h30</td><td>Lidia Best &#8211; Make Listening Safe</td><td>Perspetiva IFHOH e OMS</td></tr><tr><td>15h10</td><td>Pedro Alberto Escada</td><td>Visão clínica do som</td></tr><tr><td>15h25</td><td>Stefan Zimmer</td><td>&#8220;What you can gain from EuroTrak: Benefits of hearing care for health, safety, mobility and productivity&#8221;</td></tr><tr><td>15h55</td><td>Ana Mécia de Oliveira</td><td>&#8220;Podcast/Videocast &#8216;Giving Voice to Deafness&#8217; | Language, Sound and Access from Early Childhood&#8221;</td></tr></tbody></table></figure>



<h4 class="wp-block-heading has-text-align-center">Intervalo</h4>



<figure style="margin-bottom:var(--wp--preset--spacing--60)" class="wp-block-table"><table class="has-fixed-layout"><thead><tr><th><strong>Hora</strong></th><th><strong>Palestrante</strong></th><th><strong>Tópico</strong></th></tr></thead><tbody><tr><td>17h00</td><td>Mark Laureyns</td><td>&#8220;The Impact of Hearing Loss, Hearing Care and Empowerment at the Workplace&#8221;</td></tr><tr><td>17h30</td><td>Karim Michail</td><td>Technology Advances for Hearing Rehabilitation</td></tr><tr><td>18h00</td><td>João Tiago Ferrão</td><td>Access to hearing care &#8211; Hearing technologies, clinical pathways and health policies: an Audiological perspective</td></tr><tr><td>18h30</td><td>Tiago Fuzeta Eça</td><td>“Voice discrimination and how this affects inclusion&#8221;</td></tr><tr><td>19h00</td><td>Patrick D&#8217;Haese</td><td>&#8220;Sound Matters: Building a Hearing-Inclusive Society through Awareness, Innovation and Policy Change&#8221;</td></tr><tr><td>19h35</td><td>Encerramento Institucional</td><td>Mensagem Final</td></tr></tbody></table></figure>



<h2 class="wp-block-heading has-text-align-center">Music Performance</h2>



<h3 class="wp-block-heading has-text-align-center">Teatro Capitólio, Lisbon<br>21st February 2026</h3>



<p>A solidarity music performance celebrating music as a universal language, while promoting awareness of hearing health, inclusion and cultural accessibility.</p>



<p>Presenter<br>Sofia Mirpuri – Actress and entrepreneur<br>Presenter of the evening, guiding the audience through the artistic programme and framing the mission and values of the&nbsp;Week&nbsp;of&nbsp;Sound.</p>



<figure class="wp-block-table"><table class="has-fixed-layout"><thead><tr><th>Hora</th><th>Palestrante</th><th>Tópico</th></tr></thead><tbody><tr><td>15h00</td><td>Meet &amp; Greet</td><td>Meet&amp;Greet and Special Contact with the Artists and Presenter&nbsp;</td></tr><tr><td>16h00</td><td>Classical String Trio – Almedina Ensemble</td><td>Opening performance with classical repertoire, creating a dialogue between tradition and contemporary expression.</td></tr><tr><td>16h30</td><td>Gil Brito</td><td>Winner of Got Talent Portugal 2025, presenting a solo piano performance marked by musical excellence and expressiveness.</td></tr><tr><td>17h00</td><td>Dinis Reis + Maria Vinagre</td><td>A unique encounter between piano and voice, blending emotion, originality and artistic sensitivity.</td></tr><tr><td>17h30</td><td>INTERVALO</td><td></td></tr><tr><td>17h50</td><td>Cuca Roseta (a confirmar)</td><td>One of the most prominent voices of contemporary fado, in a special guest appearance of strong symbolic value.</td></tr><tr><td>18h20</td><td>Daniel Pereira de Cristo – Voice and stringed instruments<br>Tiago Simães – Piano<br>João Dantas Ferreira – Accordion<br>Carolina Gomes – Percussion<br>Special guests: Pedro Jóia and Ana Laíns</td><td>Album Launch – “Malva Globo” by Daniel Pereira de Cristo &amp; Guests<br>A central moment of the performance, combining musical creation, cultural identity and inclusion.</td></tr></tbody></table></figure>

<p>Download full schedule here Pavilhão de Portugal of Parque Verde of Coimbra19th February 2026 Centro Cultural de Belém, Lisbon20th February 2026 Time Speaker Topic 14h00 António Ricardo A. Miranda Opening ceremony 14h10 Institutional representative Institutional message (Government) 14h20 Christian Hugonnet Opening speech 14h30 Lidia Best &#8211; Make Listening Safe IFHOH and OMS perspective 15h10 Pedro [&hellip;]</p>
