{"id":969,"date":"2024-11-07T18:52:10","date_gmt":"2024-11-07T18:52:10","guid":{"rendered":"http:\/\/weekofsoundportugal.com\/?page_id=969"},"modified":"2024-11-15T18:38:53","modified_gmt":"2024-11-15T18:38:53","slug":"welcome-message","status":"publish","type":"page","link":"https:\/\/weekofsoundportugal.com\/pt\/welcome-message\/","title":{"rendered":"Mensagem de boas vindas"},"content":{"rendered":"<div class=\"wp-block-group alignfull grid-gallery has-vertical-background-to-foreground-gradient-background has-background is-layout-flow wp-block-group-is-layout-flow\" style=\"min-height:100vh;margin-top:0;margin-bottom:0;padding-top:var(--wp--preset--spacing--50);padding-right:var(--wp--preset--spacing--30);padding-bottom:var(--wp--preset--spacing--50);padding-left:var(--wp--preset--spacing--30)\">\n<div class=\"wp-block-columns alignwide is-layout-flex wp-container-core-columns-is-layout-ef350914 wp-block-columns-is-layout-flex\" style=\"padding-top:var(--wp--preset--spacing--30);padding-bottom:var(--wp--preset--spacing--30)\">\n<div class=\"wp-block-column is-vertically-aligned-top is-layout-flow wp-block-column-is-layout-flow\">\n<h1 class=\"wp-block-heading has-gigantic-font-size\" style=\"font-style:normal;font-weight:300\">Semana do Som Portugal 2025<\/h1>\n\n\n\n<p>\u00c9 com grande honra e responsabilidade que aceitei o convite para organizar a Semana do Som em Portugal, que ter\u00e1 lugar em setembro de 2025. Desde fevereiro deste ano (2024), tenho trabalhado intensamente, em colabora\u00e7\u00e3o com a equipa da Associa\u00e7\u00e3o OUVIR e de alguns Parceiros, tendo em vista alguns Apoios e Patrocinadores, para garantir o sucesso deste evento, que considero uma oportunidade \u00fanica de sensibiliza\u00e7\u00e3o sobre a import\u00e2ncia da sa\u00fade auditiva.<\/p>\n\n\n\n<p>Para quem n\u00e3o me conhece, sou Ant\u00f3nio Ricardo A. Miranda, Presidente e S\u00f3cio Fundador da Associa\u00e7\u00e3o OUVIR. A minha vida tem sido marcada por desafios de sa\u00fade visual e auditiva, que enfrentei com determina\u00e7\u00e3o e resili\u00eancia. Nasci com coloboma no olho esquerdo, o que afetou a minha vis\u00e3o, e mais tarde, na adolesc\u00eancia, comecei a perder a audi\u00e7\u00e3o devido a otosclerose. Hoje, uso um implante coclear e uma pr\u00f3tese auditiva, tecnologias que me permitiram continuar a ouvir e a viver plenamente.<\/p>\n\n\n\n<p>A minha jornada pessoal levou-me a criar a Associa\u00e7\u00e3o OUVIR, em 2011, com o objetivo de apoiar pessoas com defici\u00eancia auditiva e promover a inclus\u00e3o social. Organizar a Semana do Som \u00e9 um desafio que aceito com orgulho, pois acredito profundamente na import\u00e2ncia da audi\u00e7\u00e3o na nossa vida e no poder transformador da ci\u00eancia e da tecnologia.<\/p>\n\n\n\n<p>A Semana do Som Portugal 2025 ser\u00e1 uma oportunidade para todos n\u00f3s refletirmos sobre o papel essencial da audi\u00e7\u00e3o e da sa\u00fade auditiva nas nossas vidas. Espero que este evento contribua para uma maior consciencializa\u00e7\u00e3o em Portugal sobre este tema crucial, promovendo n\u00e3o s\u00f3 a inova\u00e7\u00e3o tecnol\u00f3gica, mas tamb\u00e9m uma sociedade mais inclusiva e consciente da import\u00e2ncia de preservar este sentido vital.<\/p>\n\n\n\n<p>Conto com o apoio de todos para fazer deste evento um sucesso, e espero que juntos possamos continuar a promover uma sociedade mais sens\u00edvel \u00e0 sa\u00fade auditiva e ao valor que o som tem nas nossas vidas.<\/p>\n\n\n\n<p>Melhores cumprimentos,<\/p>\n\n\n\n<p>Ant\u00f3nio Ricardo A. Miranda<\/p>\n\n\n\n<p>(Presidente e S\u00f3cio Fundador da Associa\u00e7\u00e3o OUVIR)<\/p>\n\n\n\n<div class=\"wp-block-buttons is-layout-flex wp-block-buttons-is-layout-flex\">\n<div class=\"wp-block-button is-style-aegis-button-effect-2\"><a class=\"wp-block-button__link wp-element-button\">Junte-se ao Evento<\/a><\/div>\n<\/div>\n<\/div>\n\n\n\n<div class=\"wp-block-column is-layout-flow wp-block-column-is-layout-flow\">\n<figure class=\"wp-block-image size-full is-resized is-style-aegis-effect-3-image\"><img decoding=\"async\" width=\"856\" height=\"681\" src=\"http:\/\/weekofsoundportugal.com\/wp-content\/uploads\/2024\/11\/antonio.jpg\" alt=\"\" class=\"wp-image-1005\" style=\"aspect-ratio:0.5625;object-fit:cover;width:714px;height:auto\" srcset=\"https:\/\/weekofsoundportugal.com\/wp-content\/uploads\/2024\/11\/antonio.jpg 856w, https:\/\/weekofsoundportugal.com\/wp-content\/uploads\/2024\/11\/antonio-300x239.jpg 300w, https:\/\/weekofsoundportugal.com\/wp-content\/uploads\/2024\/11\/antonio-768x611.jpg 768w, https:\/\/weekofsoundportugal.com\/wp-content\/uploads\/2024\/11\/antonio-15x12.jpg 15w\" sizes=\"(max-width: 856px) 100vw, 856px\" \/><\/figure>\n<\/div>\n<\/div>\n<\/div>\n\n\n\n<div class=\"wp-block-group alignfull grid-gallery is-layout-flow wp-block-group-is-layout-flow\" style=\"min-height:100vh;margin-top:0;margin-bottom:0;padding-top:var(--wp--preset--spacing--50);padding-right:var(--wp--preset--spacing--30);padding-bottom:var(--wp--preset--spacing--50);padding-left:var(--wp--preset--spacing--30)\">\n<div class=\"wp-block-columns alignwide is-layout-flex wp-container-core-columns-is-layout-ef350914 wp-block-columns-is-layout-flex\" style=\"padding-top:var(--wp--preset--spacing--30);padding-bottom:var(--wp--preset--spacing--30)\">\n<div class=\"wp-block-column is-vertically-aligned-top is-layout-flow wp-block-column-is-layout-flow\">\n<h1 class=\"wp-block-heading has-text-align-center has-gigantic-font-size\" style=\"font-style:normal;font-weight:300\">Semana do Som Portugal 2025<\/h1>\n\n\n\n<figure class=\"wp-block-image aligncenter size-thumbnail has-custom-border is-style-default\"><img decoding=\"async\" width=\"150\" height=\"150\" src=\"http:\/\/weekofsoundportugal.com\/wp-content\/uploads\/2024\/11\/antonio-150x150.jpg\" alt=\"\" class=\"has-border-color wp-image-1005\" style=\"border-color:#dcd6cb;border-radius:50%;box-shadow:var(--wp--preset--shadow--senary-shadow-right-bottom)\"\/><\/figure>\n\n\n\n<p>\u00c9 com grande honra e responsabilidade que aceitei o convite para organizar a Semana do Som em Portugal, que ter\u00e1 lugar em setembro de 2025. Desde fevereiro deste ano (2024), tenho trabalhado intensamente, em colabora\u00e7\u00e3o com a equipa da Associa\u00e7\u00e3o OUVIR e de alguns Parceiros, tendo em vista alguns Apoios e Patrocinadores, para garantir o sucesso deste evento, que considero uma oportunidade \u00fanica de sensibiliza\u00e7\u00e3o sobre a import\u00e2ncia da sa\u00fade auditiva.<\/p>\n\n\n\n<p>Para quem n\u00e3o me conhece, sou Ant\u00f3nio Ricardo A. Miranda, Presidente e S\u00f3cio Fundador da Associa\u00e7\u00e3o OUVIR. A minha vida tem sido marcada por desafios de sa\u00fade visual e auditiva, que enfrentei com determina\u00e7\u00e3o e resili\u00eancia. Nasci com coloboma no olho esquerdo, o que afetou a minha vis\u00e3o, e mais tarde, na adolesc\u00eancia, comecei a perder a audi\u00e7\u00e3o devido a otosclerose. Hoje, uso um implante coclear e uma pr\u00f3tese auditiva, tecnologias que me permitiram continuar a ouvir e a viver plenamente.<\/p>\n\n\n\n<p>A minha jornada pessoal levou-me a criar a Associa\u00e7\u00e3o OUVIR, em 2011, com o objetivo de apoiar pessoas com defici\u00eancia auditiva e promover a inclus\u00e3o social. Organizar a Semana do Som \u00e9 um desafio que aceito com orgulho, pois acredito profundamente na import\u00e2ncia da audi\u00e7\u00e3o na nossa vida e no poder transformador da ci\u00eancia e da tecnologia.<\/p>\n\n\n\n<p>A Semana do Som Portugal 2025 ser\u00e1 uma oportunidade para todos n\u00f3s refletirmos sobre o papel essencial da audi\u00e7\u00e3o e da sa\u00fade auditiva nas nossas vidas. Espero que este evento contribua para uma maior consciencializa\u00e7\u00e3o em Portugal sobre este tema crucial, promovendo n\u00e3o s\u00f3 a inova\u00e7\u00e3o tecnol\u00f3gica, mas tamb\u00e9m uma sociedade mais inclusiva e consciente da import\u00e2ncia de preservar este sentido vital.<\/p>\n\n\n\n<p>Conto com o apoio de todos para fazer deste evento um sucesso, e espero que juntos possamos continuar a promover uma sociedade mais sens\u00edvel \u00e0 sa\u00fade auditiva e ao valor que o som tem nas nossas vidas.<\/p>\n\n\n\n<p>Melhores cumprimentos,<\/p>\n\n\n\n<p>Ant\u00f3nio Ricardo A. Miranda<\/p>\n\n\n\n<p>(Presidente e S\u00f3cio Fundador da Associa\u00e7\u00e3o OUVIR)<\/p>\n\n\n\n<div class=\"wp-block-buttons is-content-justification-center is-layout-flex wp-container-core-buttons-is-layout-a89b3969 wp-block-buttons-is-layout-flex\">\n<div class=\"wp-block-button is-style-aegis-button-effect-2\"><a class=\"wp-block-button__link wp-element-button\">Junte-se ao Evento<\/a><\/div>\n<\/div>\n<\/div>\n<\/div>\n<\/div>\n\n\n\n<p><\/p>","protected":false},"excerpt":{"rendered":"<p>Week of Sound Portugal 2025 It is with great honor and responsibility that I accepted the invitation to organize Week of Sound in Portugal, which will take place in September 2025. Since February 2024, I have been working intensely, in collaboration with the team at Associa\u00e7\u00e3o OUVIR and some Partners , with some Support and [&hellip;]<\/p>","protected":false},"author":1,"featured_media":0,"parent":0,"menu_order":0,"comment_status":"closed","ping_status":"closed","template":"","meta":{"footnotes":""},"class_list":["post-969","page","type-page","status-publish","hentry"],"_links":{"self":[{"href":"https:\/\/weekofsoundportugal.com\/pt\/wp-json\/wp\/v2\/pages\/969","targetHints":{"allow":["GET"]}}],"collection":[{"href":"https:\/\/weekofsoundportugal.com\/pt\/wp-json\/wp\/v2\/pages"}],"about":[{"href":"https:\/\/weekofsoundportugal.com\/pt\/wp-json\/wp\/v2\/types\/page"}],"author":[{"embeddable":true,"href":"https:\/\/weekofsoundportugal.com\/pt\/wp-json\/wp\/v2\/users\/1"}],"replies":[{"embeddable":true,"href":"https:\/\/weekofsoundportugal.com\/pt\/wp-json\/wp\/v2\/comments?post=969"}],"version-history":[{"count":3,"href":"https:\/\/weekofsoundportugal.com\/pt\/wp-json\/wp\/v2\/pages\/969\/revisions"}],"predecessor-version":[{"id":1007,"href":"https:\/\/weekofsoundportugal.com\/pt\/wp-json\/wp\/v2\/pages\/969\/revisions\/1007"}],"wp:attachment":[{"href":"https:\/\/weekofsoundportugal.com\/pt\/wp-json\/wp\/v2\/media?parent=969"}],"curies":[{"name":"wp","href":"https:\/\/api.w.org\/{rel}","templated":true}]}}

<div class="wp-block-group alignfull grid-gallery has-vertical-background-to-foreground-gradient-background has-background is-layout-flow wp-block-group-is-layout-flow" style="min-height:100vh;margin-top:0;margin-bottom:0;padding-top:var(--wp--preset--spacing--50);padding-right:var(--wp--preset--spacing--30);padding-bottom:var(--wp--preset--spacing--50);padding-left:var(--wp--preset--spacing--30)">
<div class="wp-block-columns alignwide is-layout-flex wp-container-core-columns-is-layout-ef350914 wp-block-columns-is-layout-flex" style="padding-top:var(--wp--preset--spacing--30);padding-bottom:var(--wp--preset--spacing--30)">
<div class="wp-block-column is-vertically-aligned-top is-layout-flow wp-block-column-is-layout-flow">
<h1 class="wp-block-heading has-gigantic-font-size" style="font-style:normal;font-weight:300">Semana do Som Portugal 2025</h1>



<p>É com grande honra e responsabilidade que aceitei o convite para organizar a Semana do Som em Portugal, que terá lugar em setembro de 2025. Desde fevereiro deste ano (2024), tenho trabalhado intensamente, em colaboração com a equipa da Associação OUVIR e de alguns Parceiros, tendo em vista alguns Apoios e Patrocinadores, para garantir o sucesso deste evento, que considero uma oportunidade única de sensibilização sobre a importância da saúde auditiva.</p>



<p>Para quem não me conhece, sou António Ricardo A. Miranda, Presidente e Sócio Fundador da Associação OUVIR. A minha vida tem sido marcada por desafios de saúde visual e auditiva, que enfrentei com determinação e resiliência. Nasci com coloboma no olho esquerdo, o que afetou a minha visão, e mais tarde, na adolescência, comecei a perder a audição devido a otosclerose. Hoje, uso um implante coclear e uma prótese auditiva, tecnologias que me permitiram continuar a ouvir e a viver plenamente.</p>



<p>A minha jornada pessoal levou-me a criar a Associação OUVIR, em 2011, com o objetivo de apoiar pessoas com deficiência auditiva e promover a inclusão social. Organizar a Semana do Som é um desafio que aceito com orgulho, pois acredito profundamente na importância da audição na nossa vida e no poder transformador da ciência e da tecnologia.</p>



<p>A Semana do Som Portugal 2025 será uma oportunidade para todos nós refletirmos sobre o papel essencial da audição e da saúde auditiva nas nossas vidas. Espero que este evento contribua para uma maior consciencialização em Portugal sobre este tema crucial, promovendo não só a inovação tecnológica, mas também uma sociedade mais inclusiva e consciente da importância de preservar este sentido vital.</p>



<p>Conto com o apoio de todos para fazer deste evento um sucesso, e espero que juntos possamos continuar a promover uma sociedade mais sensível à saúde auditiva e ao valor que o som tem nas nossas vidas.</p>



<p>Melhores cumprimentos,</p>



<p>António Ricardo A. Miranda</p>



<p>(Presidente e Sócio Fundador da Associação OUVIR)</p>



<div class="wp-block-buttons is-layout-flex wp-block-buttons-is-layout-flex">
<div class="wp-block-button is-style-aegis-button-effect-2"><a class="wp-block-button__link wp-element-button">Junte-se ao Evento</a></div>
</div>
</div>



<div class="wp-block-column is-layout-flow wp-block-column-is-layout-flow">
<figure class="wp-block-image size-full is-resized is-style-aegis-effect-3-image"><img decoding="async" width="856" height="681" src="http://weekofsoundportugal.com/wp-content/uploads/2024/11/antonio.jpg" alt="" class="wp-image-1005" style="aspect-ratio:0.5625;object-fit:cover;width:714px;height:auto" srcset="https://weekofsoundportugal.com/wp-content/uploads/2024/11/antonio.jpg 856w, https://weekofsoundportugal.com/wp-content/uploads/2024/11/antonio-300x239.jpg 300w, https://weekofsoundportugal.com/wp-content/uploads/2024/11/antonio-768x611.jpg 768w, https://weekofsoundportugal.com/wp-content/uploads/2024/11/antonio-15x12.jpg 15w" sizes="(max-width: 856px) 100vw, 856px" /></figure>
</div>
</div>
</div>



<div class="wp-block-group alignfull grid-gallery is-layout-flow wp-block-group-is-layout-flow" style="min-height:100vh;margin-top:0;margin-bottom:0;padding-top:var(--wp--preset--spacing--50);padding-right:var(--wp--preset--spacing--30);padding-bottom:var(--wp--preset--spacing--50);padding-left:var(--wp--preset--spacing--30)">
<div class="wp-block-columns alignwide is-layout-flex wp-container-core-columns-is-layout-ef350914 wp-block-columns-is-layout-flex" style="padding-top:var(--wp--preset--spacing--30);padding-bottom:var(--wp--preset--spacing--30)">
<div class="wp-block-column is-vertically-aligned-top is-layout-flow wp-block-column-is-layout-flow">
<h1 class="wp-block-heading has-text-align-center has-gigantic-font-size" style="font-style:normal;font-weight:300">Semana do Som Portugal 2025</h1>



<figure class="wp-block-image aligncenter size-thumbnail has-custom-border is-style-default"><img decoding="async" width="150" height="150" src="http://weekofsoundportugal.com/wp-content/uploads/2024/11/antonio-150x150.jpg" alt="" class="has-border-color wp-image-1005" style="border-color:#dcd6cb;border-radius:50%;box-shadow:var(--wp--preset--shadow--senary-shadow-right-bottom)"/></figure>



<p>É com grande honra e responsabilidade que aceitei o convite para organizar a Semana do Som em Portugal, que terá lugar em setembro de 2025. Desde fevereiro deste ano (2024), tenho trabalhado intensamente, em colaboração com a equipa da Associação OUVIR e de alguns Parceiros, tendo em vista alguns Apoios e Patrocinadores, para garantir o sucesso deste evento, que considero uma oportunidade única de sensibilização sobre a importância da saúde auditiva.</p>



<p>Para quem não me conhece, sou António Ricardo A. Miranda, Presidente e Sócio Fundador da Associação OUVIR. A minha vida tem sido marcada por desafios de saúde visual e auditiva, que enfrentei com determinação e resiliência. Nasci com coloboma no olho esquerdo, o que afetou a minha visão, e mais tarde, na adolescência, comecei a perder a audição devido a otosclerose. Hoje, uso um implante coclear e uma prótese auditiva, tecnologias que me permitiram continuar a ouvir e a viver plenamente.</p>



<p>A minha jornada pessoal levou-me a criar a Associação OUVIR, em 2011, com o objetivo de apoiar pessoas com deficiência auditiva e promover a inclusão social. Organizar a Semana do Som é um desafio que aceito com orgulho, pois acredito profundamente na importância da audição na nossa vida e no poder transformador da ciência e da tecnologia.</p>



<p>A Semana do Som Portugal 2025 será uma oportunidade para todos nós refletirmos sobre o papel essencial da audição e da saúde auditiva nas nossas vidas. Espero que este evento contribua para uma maior consciencialização em Portugal sobre este tema crucial, promovendo não só a inovação tecnológica, mas também uma sociedade mais inclusiva e consciente da importância de preservar este sentido vital.</p>



<p>Conto com o apoio de todos para fazer deste evento um sucesso, e espero que juntos possamos continuar a promover uma sociedade mais sensível à saúde auditiva e ao valor que o som tem nas nossas vidas.</p>



<p>Melhores cumprimentos,</p>



<p>António Ricardo A. Miranda</p>



<p>(Presidente e Sócio Fundador da Associação OUVIR)</p>



<div class="wp-block-buttons is-content-justification-center is-layout-flex wp-container-core-buttons-is-layout-a89b3969 wp-block-buttons-is-layout-flex">
<div class="wp-block-button is-style-aegis-button-effect-2"><a class="wp-block-button__link wp-element-button">Junte-se ao Evento</a></div>
</div>
</div>
</div>
</div>



<p></p>

<p>Week of Sound Portugal 2025 It is with great honor and responsibility that I accepted the invitation to organize Week of Sound in Portugal, which will take place in September 2025. Since February 2024, I have been working intensely, in collaboration with the team at Associação OUVIR and some Partners , with some Support and [&hellip;]</p>
